9
What is the thousands digit of 2217191?
7
What is the units digit of 32837?
7
What is the ten thousands digit of 9295649?
9
What is the ten thousands digit of 63834?
6
What is the ten thousands digit of 546012?
4
What is the units digit of 1494303?
3
What is the hundred thousands digit of 100718?
1
What is the millions digit of 6966490?
6
What is the tens digit of 92650?
5
What is the ten millions digit of 30165183?
3
What is the millions digit of 6567220?
6
What is the millions digit of 1952237?
1
What is the tens digit of 424023?
2
What is the thousands digit of 69518?
9
What is the units digit of 2518929?
9
What is the hundred thousands digit of 169752?
1
What is the hundreds digit of 34812160?
1
What is the units digit of 221520?
0
What is the ten thousands digit of 13807747?
0
What is the hundreds digit of 17617407?
4
What is the thousands digit of 1068317?
8
What is the units digit of 998030?
0
What is the hundred thousands digit of 2111611?
1
What is the tens digit of 2816610?
1
What is the units digit of 681925?
5
What is the millions digit of 1437367?
1
What is the millions digit of 1165608?
1
What is the hundreds digit of 1671087?
0
What is the millions digit of 7282296?
7
What is the ten thousands digit of 1961743?
6
What is the ten thousands digit of 290374?
9
What is the ten thousands digit of 242118?
4
What is the hundred thousands digit of 922120?
9
What is the hundred thousands digit of 556764?
5
What is the units digit of 1004308?
8
What is the ten thousands digit of 440960?
4
What is the thousands digit of 9226246?
6
What is the tens digit of 1748065?
6
What is the hundred thousands digit of 9451250?
4
What is the hundreds digit of 7641?
6
What is the ten thousands digit of 15191043?
9
What is the tens digit of 2679820?
2
What is the ten thousands digit of 877928?
7
What is the hundred thousands digit of 2419906?
4
What is the ten millions digit of 10704233?
1
What is the hundreds digit of 358315?
3
What is the hundred thousands digit of 9257446?
2
What is the ten thousands digit of 119426?
1
What is the units digit of 6830787?
7
What is the hundred thousands digit of 1440281?
4
What is the ten thousands digit of 3476306?
7
What is the tens digit of 1079368?
6
What is the millions digit of 18229774?
8
What is the thousands digit of 404683?
4
What is the tens digit of 2656077?
7
What is the units digit of 806058?
8
What is the ten thousands digit of 4384760?
8
What is the millions digit of 5075794?
5
What is the units digit of 1754681?
1
What is the thousands digit of 1909181?
9
What is the units digit of 40770?
0
What is the units digit of 8657341?
1
What is the ten thousands digit of 2238386?
3
What is the hundreds digit of 909410?
4
What is the hundreds digit of 498688?
6
What is the tens digit of 4425312?
1
What is the thousands digit of 11486383?
6
What is the ten thousands digit of 588938?
8
What is the ten thousands digit of 1507932?
0
What is the hundreds digit of 94089?
0
What is the units digit of 508941?
1
What is the hundreds digit of 240776?
7
What is the hundred thousands digit of 1224950?
2
What is the hundred thousands digit of 6115547?
1
What is the units digit of 2746728?
8
What is the tens digit of 1921836?
3
What is the hundred thousands digit of 375263?
3
What is the tens digit of 1104896?
9
What is the units digit of 2679345?
5
What is the tens digit of 2062301?
0
What is the tens digit of 916534?
3
What is the hundred thousands digit of 1047246?
0
What is the units digit of 199829?
9
What is the millions digit of 2549522?
2
What is the hundred thousands digit of 1447629?
4
What is the units digit of 1815935?
5
What is the units digit of 1472804?
4
What is the tens digit of 168324?
2
What is the hundreds digit of 105563?
5
What is the ten thousands digit of 1341424?
4
What is the units digit of 15146417?
7
What is the thousands digit of 10742592?
2
What is the hundreds digit of 5089061?
0
What is the thousands digit of 363107?
3
What is the hundred thousands digit of 4108575?
1
What is the millions digit of 2694410?
2
What is the thousands digit of 6201581?
1
What is the units digit of 191308?
8
What is the ten millions digit of 11180623?
1
What is the millions digit of 19391543?
9
What is the thousands digit of 323800?
3
What is the hundreds digit of 2731916?
9
What is the millions digit of 1116599?
1
What is the ten thousands digit of 12210293?
1
What is the hundreds digit of 751249?
2
What is the units digit of 12565172?
2
What is the units digit of 7319357?
7
What is the thousands digit of 1010131?
0
What is the ten thousands digit of 124668?
2
What is the hundred thousands digit of 17195090?
1
What is the thousands digit of 12864931?
4
What is the hundreds digit of 69529?
5
What is the thousands digit of 545912?
5
What is the hundred thousands digit of 554721?
5
What is the tens digit of 2739469?
6
What is the ten thousands digit of 62111?
6
What is the units digit of 2531199?
9
What is the thousands digit of 11295300?
5
What is the ten thousands digit of 2130841?
3
What is the thousands digit of 275031?
5
What is the hundreds digit of 1673952?
9
What is the ten thousands digit of 683437?
8
What is the hundreds digit of 50021?
0
What is the thousands digit of 1537937?
7
What is the units digit of 1481796?
6
What is the units digit of 4338709?
9
What is the ten thousands digit of 618687?
1
What is the units digit of 172801?
1
What is the hundred thousands digit of 13945839?
9
What is the units digit of 149851?
1
What is the millions digit of 4540900?
4
What is the thousands digit of 4827185?
7
What is the tens digit of 9689181?
8
What is the tens digit of 448038?
3
What is the hundred thousands digit of 5872896?
8
What is the millions digit of 1882602?
1
What is the thousands digit of 280161?
0
What is the ten millions digit of 31144996?
3
What is the ten thousands digit of 124934?
2
What is the units digit of 783374?
4
What is the millions digit of 10243198?
0
What is the tens digit of 1265337?
3
What is the thousands digit of 372736?
2
What is the ten thousands digit of 1443762?
4
What is the hundred thousands digit of 32010741?
0
What is the units digit of 520180?
0
What is the ten thousands digit of 67839?
6
What is the tens digit of 877253?
5
What is the hundreds digit of 41269342?
3
What is the millions digit of 8863888?
8
What is the millions digit of 8046700?
8
What is the hundreds digit of 1253026?
0
What is the ten thousands digit of 2125286?
2
What is the tens digit of 1144061?
6
What is the ten thousands digit of 893344?
9
What is the ten thousands digit of 426216?
2
What is the hundred thousands digit of 265446?
2
What is the units digit of 366518?
8
What is the ten thousands digit of 49107?
4
What is the thousands digit of 5231311?
1
What is the ten thousands digit of 516182?
1
What is the tens digit of 20659594?
9
What is the ten thousands digit of 61805?
6
What is the thousands digit of 5784646?
4
What is the units digit of 1395693?
3
What is the hundreds digit of 412737?
7
What is the tens digit of 698373?
7
What is the hundred thousands digit of 371746?
3
What is the ten thousands digit of 252747?
5
What is the ten millions digit of 12093299?
1
What is the units digit of 443746?
6
What is the ten thousands digit of 908584?
0
What is the hundred thousands digit of 6638374?
6
What is the hundreds digit of 312874?
8
What is the tens digit of 4108790?
9
What is the thousands digit of 4652034?
2
What is the hundred thousands digit of 497471?
4
What is the ten thousands digit of 247629?
4
What is the hundreds digit of 1616020?
0
What is the hundreds digit of 6232887?
8
What is the thousands digit of 1085991?
5
What is the units digit of 4292831?
1
What is the thousands digit of 440636?
0
What is the thousands digit of 9059?
9
What is the hundreds digit of 248111?
1
What is the tens digit of 5414624?
2
What is the tens digit of 692634?
3
What is the tens digit of 593772?
7
What is the tens digit of 657700?
0
What is the millions digit of 2314683?
2
What is the units digit of 76674?
4
What is the hundred thousands digit of 832073?
8
What is the hundred thousands digit of 263531?
2
What is the ten thousands digit of 10046549?
4
What is the hundred thousands digit of 562443?
5
What is t